git of 2012267516?
5
What is the hundred millions digit of 977703374?
9
What is the ten thousands digit of 170835457?
3
What is the ten millions digit of 968217151?
6
What is the hundreds digit of 420061020?
0
What is the ten thousands digit of 1494192030?
9
What is the tens digit of 540511280?
8
What is the units digit of 1146988295?
5
What is the ten millions digit of 21749146?
2
What is the hundred thousands digit of 766694552?
6
What is the millions digit of 24802559?
4
What is the millions digit of 387340955?
7
What is the hundreds digit of 6541577?
5
What is the units digit of 204037391?
1
What is the hundred millions digit of 510268400?
5
What is the millions digit of 1166328563?
6
What is the thousands digit of 4221821408?
1
What is the ten thousands digit of 132064434?
6
What is the hundreds digit of 1167357986?
9
What is the hundred thousands digit of 10405113?
4
What is the hundreds digit of 510732477?
4
What is the hundred millions digit of 1548464019?
5
What is the millions digit of 103663648?
3
What is the thousands digit of 111024053?
4
What is the ten thousands digit of 1419069881?
6
What is the millions digit of 189517802?
9
What is the hundreds digit of 105110666?
6
What is the billions digit of 3500701829?
3
What is the millions digit of 657140549?
7
What is the millions digit of 48812295?
8
What is the tens digit of 528813815?
1
What is the hundred millions digit of 207044670?
2
What is the hundred millions digit of 459758152?
4
What is the thousands digit of 45236856?
6
What is the millions digit of 50462302?
0
What is the hundred millions digit of 2331070897?
3
What is the tens digit of 3283225630?
3
What is the hundreds digit of 89181883?
8
What is the units digit of 66686743?
3
What is the thousands digit of 1171187628?
7
What is the ten thousands digit of 208022291?
2
What is the thousands digit of 4415364132?
4
What is the ten millions digit of 3373744300?
7
What is the ten millions digit of 213742467?
1
What is the thousands digit of 73535325?
5
What is the millions digit of 378293928?
8
What is the hundred thousands digit of 1622441498?
4
What is the ten millions digit of 1639891433?
3
What is the hundreds digit of 38273364?
3
What is the ten thousands digit of 752155646?
5
What is the ten millions digit of 1326886854?
2
What is the hundred thousands digit of 16403351?
4
What is the millions digit of 390891403?
0
What is the thousands digit of 135887672?
7
What is the thousands digit of 291712329?
2
What is the hundred thousands digit of 4271049978?
0
What is the ten millions digit of 98900454?
9
What is the hundreds digit of 458850505?
5
What is the thousands digit of 88326762?
6
What is the ten thousands digit of 153480?
5
What is the tens digit of 893059678?
7
What is the millions digit of 245220761?
5
What is the millions digit of 333296041?
3
What is the thousands digit of 1701087494?
7
What is the tens digit of 1487453405?
0
What is the thousands digit of 15726370?
6
What is the hundred millions digit of 165407465?
1
What is the units digit of 216144036?
6
What is the hundred thousands digit of 165170479?
1
What is the ten millions digit of 474168739?
7
What is the thousands digit of 4444425128?
5
What is the thousands digit of 453079277?
9
What is the thousands digit of 82650603?
0
What is the units digit of 216717443?
3
What is the thousands digit of 1659168540?
8
What is the ten millions digit of 14734187?
1
What is the tens digit of 550859978?
7
What is the tens digit of 412162833?
3
What is the ten millions digit of 6651403396?
5
What is the thousands digit of 56302310?
2
What is the tens digit of 766099159?
5
What is the ten millions digit of 861650732?
6
What is the hundred thousands digit of 92891415?
8
What is the ten millions digit of 48841415?
4
What is the ten millions digit of 744714048?
4
What is the thousands digit of 243434543?
4
What is the tens digit of 307077459?
5
What is the ten millions digit of 100374957?
0
What is the ten thousands digit of 10015100?
1
What is the millions digit of 64156661?
4
What is the hundred thousands digit of 53786269?
7
What is the units digit of 1902812000?
0
What is the millions digit of 48335645?
8
What is the hundreds digit of 522056128?
1
What is the ten millions digit of 94806061?
9
What is the hundreds digit of 808551733?
7
What is the hundred thousands digit of 12023658?
0
What is the hundreds digit of 19300471?
4
What is the tens digit of 204605379?
7
What is the hundreds digit of 8394084?
0
What is the hundred thousands digit of 666461847?
4
What is the hundred thousands digit of 112458521?
4
What is the ten millions digit of 461050179?
6
What is the hundred millions digit of 390012256?
3
What is the tens digit of 2583333632?
3
What is the ten millions digit of 155080436?
5
What is the tens digit of 572918829?
2
What is the units digit of 4335142252?
2
What is the units digit of 1015691597?
7
What is the millions digit of 644515916?
4
What is the ten millions digit of 201032070?
0
What is the ten millions digit of 438862777?
3
What is the units digit of 694132369?
9
What is the ten thousands digit of 509406825?
0
What is the ten thousands digit of 1789425826?
2
What is the thousands digit of 53557368?
7
What is the ten millions digit of 4132498497?
3
What is the millions digit of 647180663?
7
What is the thousands digit of 56872229?
2
What is the tens digit of 61862730?
3
What is the hundred thousands digit of 1178502671?
5
What is the hundred millions digit of 1331810334?
3
What is the thousands digit of 1821512420?
2
What is the ten thousands digit of 294882720?
8
What is the billions digit of 3927462368?
3
What is the thousands digit of 70458757?
8
What is the ten millions digit of 92895090?
9
What is the hundred millions digit of 992787531?
9
What is the hundreds digit of 2092121074?
0
What is the tens digit of 4615731900?
0
What is the ten thousands digit of 31514848?
1
What is the ten millions digit of 165733127?
6
What is the ten millions digit of 85019394?
8
What is the hundreds digit of 46977433?
4
What is the ten millions digit of 76599200?
7
What is the hundred thousands digit of 459299472?
2
What is the hundred millions digit of 3671520274?
6
What is the hundreds digit of 453048183?
1
What is the ten millions digit of 442202403?
4
What is the hundred thousands digit of 58969497?
9
What is the ten millions digit of 12723978?
1
What is the ten millions digit of 525105626?
2
What is the hundreds digit of 2672731203?
2
What is the units digit of 323229690?
0
What is the ten millions digit of 900290370?
0
What is the millions digit of 18442821?
8
What is the units digit of 132086428?
8
What is the millions digit of 168504768?
8
What is the ten thousands digit of 39648989?
4
What is the units digit of 64838982?
2
What is the hundred thousands digit of 540722544?
7
What is the hundred thousands digit of 72890924?
8
What is the thousands digit of 1410587548?
7
What is the ten millions digit of 26230430?
2
What is the tens digit of 47627292?
9
What is the tens digit of 229422123?
2
What is the hundreds digit of 22133160?
1
What is the millions digit of 1481355271?
1
What is the hundred millions digit of 3867745920?
8
What is the ten thousands digit of 253014172?
1
What is the millions digit of 13425781?
3
What is the thousands digit of 578682429?
2
What is the ten thousands digit of 1625311757?
1
What is the units digit of 37540592?
2
What is the tens digit of 538333961?
6
What is the tens digit of 22077774?
7
What is the ten thousands digit of 15839398?
3
What is the ten millions digit of 104458430?
0
What is the tens digit of 2283442?
4
What is the tens digit of 69254439?
3
What is the hundred millions digit of 165761118?
1
What is the tens digit of 190068780?
8
What is the ten millions digit of 53925215?
5
What is the millions digit of 4585352418?
5
What is the millions digit of 86127194?
6
What is the thousands digit of 2191723495?
3
What is the ten thousands digit of 1182018378?
1
What is the tens digit of 136056978?
7
What is the tens digit of 480785360?
6
What is the ten thousands digit of 5381170774?
7
What is the millions digit of 1217700907?
7
What is the hundreds digit of 30241794?
7
What is the units digit of 452566278?
8
What is the